se 2*s + 4*u = 0, -2*u - 6 = -s - 6*u. Suppose -n = -x - 6, 0*n - 3*x - 14 = n. Let a = n - s. What is the highest common factor of 21 and a?
7
Suppose 0 = -5*o + 3*o + 136. What is the highest common factor of 204 and o?
68
Suppose -22 = 3*a + 8. Let s be 22*(3 + a/4). Calculate the highest common factor of s and 22.
11
Suppose 7 = -3*a + 5*n, -5*a + n + 1 = -2. Let k = 13 - 19. Let z = a - k. Calculate the greatest common factor of z and 77.
7
Let q be (-1)/(-4) + 1006/8. Suppose -2*x + q = x. Suppose -2*z + 16 = -0*z - 4*d, -4*z - 5*d = -71. What is the greatest common factor of x and z?
14
Suppose -3 = -3*p + 4*p, 4*v + 4*p - 68 = 0. Calculate the highest common divisor of v and 40.
20
Suppose -9*r = -25*r + 208. What is the highest common divisor of 65 and r?
13
Let i(l) = 5*l**2 + 3*l - 4. Let f be i(-3). Let n(u) = -u**3 + 4*u**2 - u + 2. Let z be n(3). What is the highest common factor of f and z?
8
Let f(u) = u + 2. Let j(k) = -k**2 + 2. Let h be j(-2). Let m be f(h). Suppose m*n + 2*n = 80. Calculate the greatest common divisor of 8 and n.
8
Let b = 2 + -4. Let v be b/(-8) + 126/8. What is the greatest common factor of v and 64?
16
Let a = -52 - -16. Let x be 5*(-7)/(105/a). Suppose -b + 5 = -25. What is the greatest common factor of x and b?
6
Suppose -4*j + 324 = -196. Calculate the greatest common factor of j and 10.
10
Let r = 8 + -7. Suppose 0 = 2*s + r - 7. Let y be -1 - (s + -3 + -210). What is the greatest common divisor of 19 and y?
19
Let w = 10 - -28. Let t = w + -23. What is the highest common factor of 6 and t?
3
Let i(t) be the first derivative of -t**2 - 2*t + 4. Let l be i(-3). Suppose l*s - 2*s = 44. What is the highest common factor of s and 154?
22
Let p = 32 - -10. Calculate the greatest common divisor of p and 105.
21
Let h be 3*10/4*12/9. What is the greatest common factor of 110 and h?
10
Let n(a) = 2*a**2 - 16*a - 7. Let w be n(10). Calculate the highest common factor of 3 and w.
3
Suppose -4*r = -125 + 37. Calculate the highest common factor of r and 110.
22
Let h(a) = 8*a + 8. Let l be h(6). What is the greatest common divisor of 21 and l?
7
Suppose 0 = -5*j - 17 + 417. Let l = 6 + 2. Let q be (l/12)/(1/15). Calculate the highest common factor of q and j.
10
Suppose -4*g + 4*d = -24, 2 - 22 = -5*d. Suppose -2*o + g = -0. Calculate the greatest common factor of o and 20.
5
Suppose -13*a = a - 70. Calculate the highest common factor of a and 5.
5
Suppose -17 = -2*f + 7. Suppose -5*q + f = -q. Let y be (-2)/7 + 46/14. Calculate the greatest common divisor of y and q.
3
Suppose 2*b - 121 = -3*d, -3*d + 97 + 30 = 5*b. Suppose -2 - 19 = -l - 4*g, 4*l + 4*g - 60 = 0. Calculate the greatest common factor of d and l.
13
Let w be (-3)/4*(-440)/10. Let z = w - 22. Calculate the highest common divisor of z and 44.
11
Suppose 0 = -0*w + w - 1. What is the highest common factor of 8 and w?
1
Suppose 2*u = -3*u. Suppose -5*b + 2*p + 25 = u, b - 3*p + 4*p = 12. Calculate the greatest common factor of 14 and b.
7
Let o(h) be the third derivative of h**4/3 + 3*h**2. Let i be o(1). Calculate the greatest common divisor of i and 2.
2
Let r(q) = -q + 1. Let m be r(-1). Suppose 5*u = m*u + 54. Calculate the highest common divisor of 6 and u.
6
Let w(k) = -2*k**3 - 4*k**2 - 7*k - 5. Let z be w(-5). Suppose 0 = -0*p + p - z. Suppose t + 4*t - p = 0. What is the greatest common divisor of t and 9?
9
Suppose 5*k - 10 = 0, 11*f - 5*k - 60 = 6*f. Suppose -15 = -t - j, -t - 4*t - 2*j + 72 = 0. Let x = t + -12. Calculate the greatest common factor of x and f.
2
Let v = -420 + 724. What is the greatest common divisor of 8 and v?
8
Let r = 13 - 6. Suppose r + 15 = d. Let m be d - (0 + (-4)/2). Calculate the greatest common divisor of m and 3.
3
Suppose -22 = -3*y + 17. Let o = y + -1. Let i be (-5)/(-2)*o/10. Calculate the greatest common divisor of 6 and i.
3
Suppose 3*u - 5*u + 142 = -2*r, -5*u - 5*r + 305 = 0. Suppose -5*d = -d - 20, 0 = v - d - 1. What is the greatest common divisor of u and v?
6
Let w = 71 + -35. What is the highest common divisor of 48 and w?
12
Suppose -4*c + 2*b + 18 = 0, 4*c - 8 = 3*c - 3*b. Calculate the highest common divisor of 5 and c.
5
Let f(h) = 5*h + 20. Let j be f(-3). What is the greatest common factor of 3 and j?
1
Suppose 5*g - 37 = -2*y, -2*y + 1 = -6*y + 5*g. What is the highest common divisor of y and 48?
6
Let w be 2/4*0 + 48. Let a(c) = c**2 + c + 2. Let x be a(5). What is the highest common factor of w and x?
16
Suppose 11*s = 8*s + 105. Calculate the greatest common divisor of 315 and s.
35
Let u(o) = -o**2 - 20*o + 12. Let a be u(-10). Calculate the greatest common factor of a and 14.
14
Let s(j) = -20*j**3 + 2*j**2 - 2*j - 1. Let r be s(-2). What is the highest common divisor of 19 and r?
19
Let p be -6*(3 - (0 - -4)). What is the highest common divisor of p and 48?
6
Let i(b) = -b**3 - 9*b**2 - 12*b - 8. Let n be i(-8). Let o(m) = -6*m - 6. Let p = 13 + -20. Let k be o(p). Calculate the greatest common factor of k and n.
12
Let p(k) = 0*k**3 + 1 + 3 + k**3 - 5*k - 4*k**2 - 2*k**2. Let y be p(7). Calculate the highest common factor of y and 90.
18
Let m(h) = 3*h**2 - 3*h**2 + 2*h + h**2 - 5. Let i be m(-5). Let q be 360/(-6)*(-6)/4. Calculate the highest common divisor of i and q.
10
Let n(i) = i**2 - 26*i + 51. Let u be n(24). What is the greatest common divisor of 39 and u?
3
Suppose 0*i = 2*i - 8. Let k(n) = -n**3 + n**2 + n + 12. Let t be k(0). What is the highest common divisor of t and i?
4
Let g be 1 + 0 - (-3 - -2). Suppose -g*i = -i - 2. Let c(d) = 7*d**2 + d. Let a be c(-1). What is the greatest common divisor of a and i?
2
Suppose -45 = 2*h - 3*h. What is the greatest common factor of h and 15?
15
Let i(u) = 7*u**2 + u. Let n be i(2). Suppose -n = -f - 0*f. Let k be (-2)/(-8) - f/(-8). Calculate the highest common divisor of 28 and k.
4
Suppose -2*f - z + 2 = 0, 3*f - z = -0*z + 3. Suppose 12 = 4*t + s - 0*s, -3*s + 18 = 3*t. Suppose t*j - f = 109. What is the highest common factor of j and 5?
5
Let j = 27 - 16. Let p = 17 - j. Calculate the greatest common factor of 54 and p.
6
Let c be -3 - (-1 + -5 + -1). What is the highest common divisor of c and 6?
2
Let d(f) = f**3 - 4*f**2 + 10*f - 15. Let k be d(6). What is the greatest common divisor of 13 and k?
13
Let d be (5 + -4)*(-3)/(-3). What is the greatest common divisor of 3 and d?
1
Suppose -12 + 92 = 4*j. Suppose 0 = -3*c + 2*z + j, 2*c + 0*c - 25 = -z. Let n(i) = -38*i + 4. Let r be n(-2). What is the highest common divisor of c and r?
10
Let g = 32 + -22. Calculate the greatest common divisor of g and 20.
10
Let d(m) = 10*m - 5. Let o be d(-2). Let y = o + 26. Calculate the greatest common factor of 1 and y.
1
Suppose -l + 95 = 31. Calculate the greatest common factor of l and 8.
8
Let w be 304/30 + (-22)/165. What is the greatest common factor of w and 25?
5
Let k = 7 - -4. Suppose 1 = i + k. Let t = i - -52. What is the highest common factor of t and 14?
14
Let d be 159/2 - (-2)/4. Suppose -7*a = 2*a - 144. Calculate the greatest common factor of a and d.
16
Suppose p = 2*v - 114, 3*p = -4 - 2. Suppose 3*d = d + v. What is the greatest common factor of d and 7?
7
Let p be (11*-1)/(-9 - -8). What is the highest common factor of p and 55?
11
Let c(p) = p**3 + 5*p**2 + 4*p - 2. Let t be c(-4). Let m be t/7 + (-149)/(-7). What is the greatest common divisor of 105 and m?
21
Let g = -11 - -56. Calculate the highest common divisor of 5 and g.
5
Let m be 2 + (-1)/((-1)/2). Let o = m + 7. Let j = 27 - 16. What is the greatest common divisor of o and j?
11
Suppose -5*n + 183 = -57. Let m = 88 - n. Calculate the greatest common divisor of m and 5.
5
Let v = -40 - -85. Let w = 33 + -9. Suppose 5*n - 47 = -3*x, 3*n = 5*x - x - w. What is the greatest common divisor of v and x?
9
Let k = -13 + 8. Let l = 30 - k. Suppose 2*s + 5*f = 5, -4 = 4*f - 0. What is the highest common divisor of s and l?
5
Suppose 3*h - 5*h + 14 = 0. Let k = h - 14. Let o(d) = -d**3 - 8*d**2 - 9*d + 2. Let n be o(k). Calculate the highest common factor of n and 4.
4
Let q(f) = -6*f - 40. Let t be q(-9). Suppose -3*k = -305 - 157. Calculate the greatest common divisor of k and t.
14
Suppose 2*w = 6 - 0. Let d(r) = -r**2 + w*r + r**3 + r**3 + 0 - 3. Let q be d